11. What is the highest common factor of 20 and v?
4
Suppose 0 = -3*o - 10*o + 91. What is the greatest common divisor of o and 126?
7
Suppose -53*k - 9402 = -33146. Calculate the highest common divisor of k and 32.
32
Suppose 15*g = -17*g + 2112. Calculate the highest common divisor of 165 and g.
33
Let l = 108 - 60. Calculate the highest common divisor of 216 and l.
24
Let s be (-6)/(-10)*(-20)/(-4). Suppose r - 8 = -2*r - 2*y, -3*r = 3*y - s. Suppose -4*j = -j - r. What is the greatest common divisor of 16 and j?
2
Let l(f) = 11*f - 164. Let x be l(15). What is the greatest common factor of x and 3?
1
Let u(o) = -1. Let i(t) = 2*t - 8. Let s(l) = -i(l) - 12*u(l). Let b be s(7). What is the highest common factor of 12 and b?
6
Let n(k) = -k**2 - 11*k - 10. Let a = -2 + -5. Let l be n(a). Suppose l = x - 0. What is the greatest common divisor of 9 and x?
9
Suppose -3*i + 9 = -0*i. Suppose i*o - 2*d - 44 = 0, -4*d = -5*o - d + 72. Suppose 2*m - 30 = -3*m. What is the greatest common divisor of m and o?
6
Let l be 3/((15/254)/5). Let t = l - 173. Let h = 346 - 337. What is the greatest common factor of h and t?
9
Suppose -4*d + 182 - 138 = 0. What is the highest common divisor of d and 3509?
11
Let l(t) = -3*t - 3. Let v be l(5). Let n be -2 - ((-2)/1)/((-2)/(-6)). Let z be (2 + -4)*v/n. Calculate the highest common divisor of z and 81.
9
Let h = 7 + 681. Suppose 2*a - 2*b = 276, -4*b - h = -7*a + 2*a. Let z(t) = 2*t**2 + t + 2. Let c be z(-3). Calculate the greatest common factor of c and a.
17
Let y(p) be the third derivative of 9*p**5/20 + p**4/6 + 10*p**2. Let q be y(-3). Calculate the greatest common divisor of q and 21.
21
Let o(m) = m**3 - 24*m**2 + 123. Let v be o(24). Calculate the greatest common factor of v and 1107.
123
Suppose m + 6*m = 924. Suppose 0*f - 33 = -f. Calculate the highest common divisor of f and m.
33
Let d(r) = -r**2 - 7*r + 11. Let i be d(-8). Let p be ((-5)/(-10))/((-2)/(-84)). Calculate the greatest common factor of p and i.
3
Let q = -38 + 38. Suppose -2*r = q, -3*w - 55 = -8*w + 2*r. Calculate the greatest common divisor of 88 and w.
11
Suppose -5*t = 3*p - 7*t - 201, -4*p + 263 = -t. Calculate the greatest common factor of 1625 and p.
65
Suppose -5*i = 10 - 35. Suppose i*h - 6*h + 14 = 0. Calculate the highest common divisor of h and 84.
14
Let s = -8 - -8. Suppose s = 5*m - 2*m - 18. Let n(t) = -t**3 + 8*t**2 + t - 6. Let d be n(m). What is the highest common divisor of d and 8?
8
Let f(x) = 10*x**2 - 52*x + 12. Let r be f(10). What is the highest common factor of r and 205?
41
Suppose -142 = -12*r + 362. What is the highest common divisor of 119 and r?
7
Let i be 30/(-4)*3/18*-4. Suppose -i*n = -4*a - 102, 5*n + 0*a = 3*a + 104. Calculate the highest common divisor of n and 2.
2
Let b be (4 + 66/(-18))*18 - -634. What is the greatest common divisor of b and 192?
64
Let k(h) = h**3 - 24*h**2 - 52*h + 24. Let o be k(26). What is the highest common divisor of o and 12?
12
Let i = -16 + 26. Let k = 123 - 116. Suppose k*a - 105 = -0*a. What is the greatest common divisor of a and i?
5
Let s(g) = 2*g**2 + 7*g + 5. Suppose 12 = -u - 2*u. Let t be s(u). Let y = t - -82. Calculate the highest common divisor of 13 and y.
13
Suppose 7 = -7*h + 105. Calculate the greatest common factor of 98 and h.
14
Let o be 50/3 - 2/(-6). Suppose 5*j = 3*q - 183 + 45, 39 = q - 4*j. Calculate the greatest common divisor of o and q.
17
Let u(h) = 9*h - 19 + 6 + h**2 + 4*h**2 - 5*h**3 + 4*h**3. Let s be u(6). Suppose 22 = 4*t + 2. Calculate the highest common divisor of t and s.
5
Let f = 49 - 29. Let r be (6 - 2)*(17 + -2). Calculate the greatest common factor of f and r.
20
Let r be 62574/114 - (-10)/95. Calculate the highest common divisor of r and 122.
61
Let g(o) = o**3 + 2*o**2 - 4*o - 3. Let h = 3 + -8. Let v be g(h). Let s = 85 + v. What is the highest common factor of 18 and s?
9
Suppose 18 = j - 3*r, -4*j - 4*r - 14 = -2*j. Suppose 0 = -j*f + 136 + 215. Calculate the highest common divisor of 78 and f.
39
Let c be (-3)/(-2) + (-15)/10 + 8. Let y(i) = -i**3 + 6*i**2 + 9*i - 6. Let h be y(7). Calculate the highest common factor of h and c.
8
Let r = 551 + -404. What is the highest common factor of 63 and r?
21
Let w(d) = -8*d - 7. Let f be w(-2). Suppose f*m + 11 = 227. Calculate the highest common divisor of 16 and m.
8
Let z be -13 + 97 + (-1 - (1 + 5)). What is the greatest common divisor of z and 7?
7
Let f be (5 + -2 - 2)*(-30)/(-2). Suppose 18*w - 189 = f*w. Calculate the greatest common divisor of 21 and w.
21
Let q be 138/(-1 - -3) - (-168)/(-56). Suppose 0 = y - 72 - 16. What is the greatest common divisor of q and y?
22
Let s = -23 - -28. Suppose -s*u - 5*p + 30 = 0, u - 2*p - 18 = p. Suppose 2*i + 3*t + 0*t = 114, t - 59 = -i. Calculate the highest common factor of i and u.
9
Let l = 2884 + -1819. Calculate the highest common factor of l and 30.
15
Suppose -4*s + 5*l = -1, 0 = 2*s + 3*s - l + 25. Let y = s - -21. Calculate the greatest common factor of y and 15.
15
Let p be (-3)/(6/(-245))*(-1392)/(-290). Calculate the highest common divisor of 28 and p.
28
Let h(l) = -2*l**2 + l + 44. Let x be h(3). Suppose 4*n = 172 - 56. What is the greatest common factor of x and n?
29
Let v be -7*(2 - 3) - -2. Suppose -5*p - 9 = 4*n + 22, p + 19 = -4*n. Let l = n + 13. Calculate the highest common factor of v and l.
9
Let d be (2/2)/((-2)/(-12)). Let v be 12/2*1/3. Calculate the greatest common factor of d and v.
2
Let s(j) = 2*j**3 - 24*j**2 + 13*j - 45. Let d be s(12). Calculate the greatest common divisor of d and 74.
37
Let o = 1 - -1. Let q be 19 + (-1)/o*6. Suppose -661 = -16*r + 1131. What is the highest common divisor of q and r?
16
Let h(m) = m. Let z(o) = -o**3 + 4*o**2 + 3*o + 4. Let d(y) = -4*h(y) - z(y). Let t be d(6). What is the greatest common divisor of t and 234?
26
Suppose 0*m = 12*m - 9*m. Suppose -132 = -m*p - 3*p. What is the greatest common divisor of 4 and p?
4
Let d(i) = i**3 - 14*i**2 - 13*i - 19. Let t be d(15). Suppose 0 = v - 172 + t. Calculate the greatest common divisor of 23 and v.
23
Let o(n) = -2*n**2 - 29*n + 130. Let g be o(-18). Calculate the greatest common divisor of 144 and g.
4
Suppose 4 = 3*b - 4*t - 10, -2*t + 2 = 3*b. Suppose -2*m = 10, -4*a - a = 2*m - 80. What is the highest common divisor of b and a?
2
Let w = -25 - -29. Suppose 14 = w*m + 3*q, -4*m - q + 10 = -0*q. Suppose -3*c - 11 = -8*f + 3*f, m*f + 8 = -5*c. What is the highest common divisor of 4 and f?
1
Suppose -2*v + 474 = -4*c, -4*v + 992 - 48 = -4*c. What is the greatest common divisor of 5 and v?
5
Suppose -5*u - 3*w + 48 = 0, 5*u + w = -0*u + 46. What is the greatest common divisor of 30 and u?
3
Suppose 5*q + 27 = 2*g + 9, -g + 8 = -2*q. Suppose -f + 0*y + 3*y = -34, -5*f + 151 = g*y. Calculate the highest common divisor of 31 and f.
31
Let l(s) = -s**3 - 5*s**2 - 2*s - 6. Suppose 2*b = -b - 15. Let a be l(b). Suppose 0 = 5*p - 26 - a. Calculate the highest common divisor of p and 4.
2
Suppose 7406 = 36*p - 5842. What is the greatest common factor of 32 and p?
16
Suppose -6 = -2*a, -87 = -4*n - a + 336. Calculate the highest common divisor of n and 20.
5
Let t(r) = r + 1. Let n be t(1). What is the highest common divisor of n and 13?
1
Let i = 136 + -4. Let z = 145 - i. What is the greatest common factor of 169 and z?
13
Suppose -3 = -3*r - 4*s, -2 = 2*r + 10*s - 6*s. Suppose -r*c + 76 + 49 = 0. What is the greatest common factor of c and 250?
25
Let z(r) be the third derivative of -r**4/24 + 17*r**3/2 + 4*r**2. Let h be z(0). What is the greatest common factor of h and 34?
17
Suppose -176 = -3*o + 5*y + 190, -5*o - 3*y + 576 = 0. Calculate the greatest common factor of 9 and o.
9
Let t(l) = 9*l - 6. Let d(x) = 7*x**3. Let w(c) = c**2 - c + 1. Let y be w(1). Let n be d(y). Let a be t(n). What is the highest common divisor of a and 38?
19
Suppose -3*y - 3*m = -99, -5*y + 2*m + 52 + 92 = 0. Suppose -27 = -3*i + y. Calculate the highest common divisor of i and 152.
19
Let a = 305 + -272. What is the highest common factor of 44 and a?
11
Let k(f) = -6*f**3 + 3*f**2 + 3*f - 3. Let t be k(2). Let w be (-3)/t*57 + (-4)/22. What is the highest common divisor of 65 and w?
5
Suppose 77*x - 780 = 51*x. What is the highest comm